ctors of a?
19, 23
Let v = -21 + 15. Let n(b) = -5332 + 10643 - 5325 - 14*b. What are the prime factors of n(v)?
2, 5, 7
Suppose 6417 - 19286 = -3*l + t, -t = -4*l + 17157. What are the prime factors of l?
2, 67
Let a(g) = 2*g**2 + 25*g + 2. Let x be a(-15). Let q = x - 53. What are the prime factors of q?
2, 3
Suppose 81 = 5*x - 4*b + 6*b, -x = b - 18. Suppose 0 = -7*r + 2*r + x. What are the prime factors of 17 + 6*r/6?
2, 5
Suppose -5*j + 5*n = -15, -2*j - n = j - 9. Let l = 115 + -93. Suppose 0 = -5*m, -3*m + l = j*q - 53. What are the prime factors of q?
5
Let z = 443 - -12. What are the prime factors of z?
5, 7, 13
Let z(f) be the first derivative of f**5/60 + f**4/12 + 5*f**3/6 - 9*f**2/2 + 6. Let u(x) be the second derivative of z(x). What are the prime factors of u(-7)?
2, 5
Suppose -3*x = -4*c + 1, -3*c - 37 = -5*x - 6*c. Suppose -x*l + 504 = -2*l. What are the prime factors of l?
2, 3, 7
Let t(n) = 14 + 2*n - 16 + 2*n**2 + 0*n + 3*n**3. What are the prime factors of t(3)?
103
Let k(c) = c + 78. Let z be k(0). Suppose -3*l + z = -297. What are the prime factors of l?
5
Suppose 4*p + 800 - 40 = 0. What are the prime factors of 18/15*p/(-4)?
3, 19
Suppose 11*j + j - 36 = 0. Let x = 26 + -18. Suppose -2*a = -j*w - 13, 2*w - 2 = x. List the prime factors of a.
2, 7
Suppose -7214 - 959 = -11*f. List the prime factors of f.
743
Let t(y) be the third derivative of y**6/120 + y**5/12 - 5*y**4/24 - 5*y**3/6 - 16*y**2. What are the prime factors of t(-5)?
2, 5
Let m(t) = t**3 - 6*t**2 + 3*t - 15. Let a be m(6). List the prime factors of (-7 - (-9)/a - 31)/(-1).
5, 7
Suppose 0 = -0*i + 5*i + 10, -150 = -2*g + 2*i. Let w = -13 + g. What are the prime factors of w?
2, 3, 5
Suppose 0 = 2*z - 4*w - 6 - 8, 4*w = -4*z + 16. What are the prime factors of (-2)/(-10)*z + 225?
2, 113
Suppose 5*y = -5*t - 395, 8*t = y + 6*t + 91. Let v(r) = 3*r**2 - r + 4. Let o be v(-6). Let m = y + o. What are the prime factors of m?
5, 7
Suppose 0*r - r = 0. Suppose -2*z + 85 = 5*h + 3*z, 4*h - 5*z - 59 = r. Let b = 15 + h. What are the prime factors of b?
31
Suppose 0 = 5*r - 10, -4*a - 5*r + 7 = -27. Let i = -3 + 3. Suppose a*k - 3*k - 51 = i. List the prime factors of k.
17
Suppose 2*k = 5*t - 5434, -2*t + 1096 = -t - 5*k. What are the prime factors of t?
2, 3, 181
Let o(c) = -c - 5. Let m be o(-5). Suppose -4*a + m = 176. Let s = a + 62. List the prime factors of s.
2, 3
Suppose -v + 29 = -5*r, -4*r - 8 = -0*v + 3*v. Suppose -331 = -3*k + v*m, 4*m - 269 = -2*k - 35. Suppose 5*c = 42 + k. What are the prime factors of c?
31
Suppose -m + 371 = 5*t, 0*t = 3*t. Let f = -204 + m. What are the prime factors of f?
167
Let c(i) = i - 24. Let s(v) = -v**2 - 7*v - 6. Let q be s(-6). Let r be c(q). What are the prime factors of 60/r*(-7 - -1)?
3, 5
Suppose 2*a + 2*a - 16 = 0. Let v(u) = -u + 20. List the prime factors of v(a).
2
Let q = -20 + 35. Suppose 16*l = q*l + 80. What are the prime factors of l?
2, 5
Let y(n) = -n**3 + 13*n**2 - 2*n - 6. Let o = 18 + -13. What are the prime factors of y(o)?
2, 23
Let l(m) = 14*m - 7. Let k be l(2). List the prime factors of 2/6 + 98/k.
5
What are the prime factors of -6 + -2 - -2 - -124?
2, 59
Let a(n) = -373*n - 99. What are the prime factors of a(-4)?
7, 199
Suppose -2*u = -2*b - 136, 5*u - 67 - 279 = 3*b. What are the prime factors of u?
71
Suppose 4*c - 3*r - 376 - 4526 = 0, -3680 = -3*c + 4*r. What are the prime factors of c?
2, 3, 17
Let z be (-3)/(-15)*2*-10. Let i be z/22 + 60/(-33). List the prime factors of (i/6)/(2/(-354)).
59
Suppose -2*c + 7*c + 60 = 0. Let x be (-388 - -2) + c/3. What are the prime factors of x/(-8) - (-18)/(-24)?
2, 3
Let k(c) = -23*c**2 - 3*c. Let d be k(-2). Let r = d + 90. List the prime factors of r.
2
Suppose 3*l = -89 - 106. Let k = 112 + l. What are the prime factors of k?
47
Let r be 71 + (-4 - (-1 + -2)). Let c be r/4 - (-1)/2. Let u = 40 - c. List the prime factors of u.
2, 11
Let v(r) = 20*r - 2. Let a be v(8). List the prime factors of 3*(-4 + a/6).
67
Let l = -49 - -283. What are the prime factors of l?
2, 3, 13
Let f(r) = 5*r**3 - r - 3. Let u = 19 + -24. Let n = u + 7. List the prime factors of f(n).
5, 7
Let o(j) = 43*j + 7. Let i be (-1 - -1)/(-5) + 2. List the prime factors of o(i).
3, 31
Let z = 154 - -2803. List the prime factors of z.
2957
Suppose -74*l - 24882 = -107*l. List the prime factors of l.
2, 13, 29
Let m(f) = 12*f + 75. List the prime factors of m(7).
3, 53
Let r(q) = q**3 - 5*q**2 - 15*q + 28. Let t be r(8). Suppose -t = -3*y + 269. What are the prime factors of y?
3, 41
What are the prime factors of (32/(-48))/(2/(-4905))?
3, 5, 109
Let w be ((-8)/(-3))/(((-16)/42)/(-8)). Let m = 94 - w. List the prime factors of m.
2, 19
Let v(r) = r**3 + 3*r**2 + 7*r + 4. Let w be v(-3). What are the prime factors of w/(68/(-360)) - -4?
2, 47
Suppose 0 = -4*m - 0*m + 36. Suppose 320 = m*t - 4*t. List the prime factors of t.
2
Suppose 3*t - 2648 = -2*v, -3*t - 2*t + 5*v + 4430 = 0. List the prime factors of t.
2, 13, 17
Suppose -3*x - v = -1698, x + 8*v - 582 = 13*v. What are the prime factors of x?
3, 7
Let z(i) = -83*i - 5. Let d be z(-3). Suppose c - d = -3*c. What are the prime factors of c?
61
Let c(k) = -1044*k + 22. What are the prime factors of c(-1)?
2, 13, 41
Suppose 4*b + 220 = 8*b. Let l be (-1)/(-4) - b/(-4). Suppose 0 = 2*n + l - 58. List the prime factors of n.
2, 11
Suppose -33*c = -35*c + 1348. What are the prime factors of c?
2, 337
Let g = 496 + 59. What are the prime factors of g?
3, 5, 37
Suppose 4785*w - 4790*w = -10695. List the prime factors of w.
3, 23, 31
Suppose 0 = -3*l + 5*h - 1, -l - 3*l + 6 = -3*h. Suppose -5*u + 810 = -3*p, 0 = -l*u - 2*p + 375 + 111. List the prime factors of u.
2, 3
Let s(r) = r**2 - r + 15. Let g be (5 + -6)/(1/(-4)). Suppose 2*o + 0*o - g*m + 10 = 0, 4*o + 20 = m. List the prime factors of s(o).
3, 5
Let n = -77 - -54. Let x = n - -18. Let g(c) = -c**3 - 3*c**2 - 7. What are the prime factors of g(x)?
43
Let c = 94 - 103. What are the prime factors of c/63 + 2775/21?
2, 3, 11
Suppose 0 = 5*r - 3*j - 5502, j + 4023 + 373 = 4*r. List the prime factors of r.
2, 3, 61
Suppose 4*y + y - 25 = 0. Let k(a) = a**2 - 4*a + 5. Let t be k(y). What are the prime factors of 268/t + (-1)/(-5)?
3
Let m = -20 - -29. Suppose 7*c + m = 10*c. Suppose 11*o - c*o - 480 = 0. List the prime factors of o.
2, 3, 5
Let l(j) = -j**3 - 4*j**2 - 13*j + 82. What are the prime factors of l(-11)?
2, 67
Let c(l) = 2*l**2 + 99*l - 144. List the prime factors of c(-75).
3, 409
Let s = 1579 + -697. What are the prime factors of s?
2, 3, 7
What are the prime factors of ((-136)/(-10) + -12)*6425/2?
2, 5, 257
Suppose -3*x = -5*x + 64. Suppose -3*f - 102 = 4*t + x, t = 2*f + 82. Let l = 73 + f. List the prime factors of l.
31
Let x = 104 + 1080. List the prime factors of x.
2, 37
Suppose -9 = -3*z, 7*b + 3*z = 4*b + 1011. Let c = -231 + b. List the prime factors of c.
103
Suppose -a + 39 = -4*a. Let u = 10 - a. Let f = u - 6. What are the prime factors of f?
17
Let c(x) = x**3 + 24*x**2 + 23*x + 19. Let u be c(-23). Suppose -u*q = -24*q + 855. List the prime factors of q.
3, 19
Let u = 9 + -5. Suppose u*b - 19 + 7 = 0. Suppose 3*n + 5*w = 194, 0*n - b*n + 199 = 4*w. List the prime factors of n.
73
Let k be -1*6*(-12)/8. Suppose -5*r + 5*i = 75, -3*r - 38 = -3*i + 7*i. List the prime factors of (2 + k)/((-7)/r).
2, 11
Let y(j) = -j**2 - 53*j + 1. What are the prime factors of y(-38)?
571
Suppose 0*d + d - 3*j = 13, 5*d + 4*j = 27. Let n = -2 + d. Suppose 5*q = -n*t + 160, -4*t + 88 = -2*q - 64. What are the prime factors of t?
2, 3
Let m(f) = -10*f - 7. Let g be m(-5). Suppose 0*u = -4*u + 5*n - 35, 0 = -4*u - 3*n - g. List the prime factors of 5/(u/14)*-1.
7
Let q be 3*-2*284/24. Let k = 42 + q. What are the prime factors of k/(2 - 3) - -3?
2
Suppose 777*z - 774*z = 2961. What are the prime factors of z?
3, 7, 47
Let a(c) = -141*c + 4. Let k be a(-2). Let p = k - 125. What are the prime factors of p?
7, 23
Let x be (-38)/(-57)*(1 - 7). List the prime factors of ((-10)/x + -2)*38.
19
List the prime factors of (-3325)/(-3) - (-2)/12*4.
1109
Suppose 10 = -5*k, -k - 3 - 14 = -3*r. Suppose -174 = -3*s + 4*f, 2*s + r*f - 174 = -s. List the prime factors of s.
2, 29
Suppose -